 60 - 41. What is the units digit of b?
9
Suppose -4 + 0 = -g + 5*r, -3*g - 5*r = 8. Let i = g - -5. What is the units digit of i?
4
Suppose -4*n = n + 60. Let f be (-2)/3 - 32/n. Suppose -4*m + 0*m - k + 6 = 0, -5*k = 4*m + f. What is the units digit of m?
2
Let j(b) be the second derivative of b**3/3 - b**2 + 4*b. Let w be j(3). Suppose -g = -5, -g = 3*m - w*g - 6. What is the units digit of m?
7
Suppose -3*q = -g + 9, 2*q = -2*g - 2*g - 6. What is the units digit of (-1)/((-1)/(13 - g))?
3
Let q = 29 - 25. What is the units digit of q/((-16)/(-12)) + 4?
7
Let o(t) = -t**3 - 5*t**2 - 6. Let y be o(-5). What is the units digit of (y/5)/((-3)/75)?
0
Suppose 0 = 4*b - 1 + 9. What is the units digit of (22/4)/((-1)/b)?
1
Suppose -2*x + 5 - 13 = 0, -n + 22 = x. What is the units digit of n?
6
Let s(j) = -9*j**3 - j**2 - j - 1. Let c be s(-1). Let m(n) = n**2 - 8*n + 3. Let b be m(c). Suppose -b*q - 21 = -6*q. What is the units digit of q?
7
What is the hundreds digit of (-796)/(-6)*(-4)/16*-6?
1
Let u(c) be the second derivative of c**3/6 - 11*c**2/2 + 3*c. Let s be u(8). What is the tens digit of (s*66/9)/(-2)?
1
Let a = 16 - 11. What is the units digit of (-3 + a)/(4/22)?
1
Let l be ((-1)/2)/((-4)/(-224)). What is the units digit of (3 - l/6)*3?
3
Suppose -20 = -g - 3*g, 4*q - 29 = -g. Let b be (-3)/((-3)/(q/2)). Suppose -3*a - 12 = 0, -b*a = 3*s + 2*a - 22. What is the tens digit of s?
1
Suppose 0 = 3*x - 1 - 5. Let s = x + -3. Let r = 6 + s. What is the units digit of r?
5
Suppose 82 = 4*f - x + 18, 0 = -5*f + x + 81. What is the units digit of f?
7
Let l(z) = z**2 - 10*z - 1. What is the units digit of l(11)?
0
Suppose 0 = s + 3*y, 4*s + 3*y = -y. Suppose 4*w - 4 + s = 0. Let k = w + 1. What is the units digit of k?
2
Let c(b) = 9*b - 2*b**2 + b**2 - 3 + 0*b**2 - 1. What is the units digit of c(8)?
4
Let r(b) = b**2 - 11*b - 10. Suppose 0 = 2*o + q - 25, -39 = -3*o + 5*q - 8. Let g be r(o). Suppose 0 = -g*v + v + 6. What is the units digit of v?
6
Suppose -4*z + 5*l = 10, 2*l = -0*z - 2*z + 4. Suppose -2*n + g + 35 = z, -n - 39 = -4*n - 3*g. What is the tens digit of n?
1
Let z = -8 - -13. Let r = 31 + -29. Suppose -l + r*l - z = 0. What is the units digit of l?
5
Suppose 22 = 2*y - 20. What is the units digit of 162/(-4)*(-14)/y?
7
Suppose -2 = -3*x - 2*l, 0*x - l = x. Suppose -x*i = -i - 13. What is the tens digit of i?
1
Let u(a) = -a - 5. Let r be u(-11). Let i = 10 - r. What is the units digit of (i/(-5))/((-2)/5)?
2
Suppose -2*i + 84 = 26. Let v be 12/(-5)*15/2. Let l = i + v. What is the units digit of l?
1
Let j = -4 - -3. Let v be (1 - j) + -20 - 1. Let k = v - -32. What is the tens digit of k?
1
Let k = 48 + -31. What is the tens digit of k?
1
Let n(k) = 6*k + 36. What is the units digit of n(9)?
0
Suppose -3*l = -8*l + 510. What is the units digit of l?
2
Let y(l) = -7*l + 2*l + 0*l + 0*l. What is the tens digit of y(-3)?
1
Suppose -944 = 16*a - 24*a. What is the tens digit of a?
1
Suppose -5*a + 190 = 30. Suppose 0 = -4*p + a + 60. What is the units digit of p?
3
Suppose 2*r = 6*r. Suppose 2*j + 3*t - 48 = r, -5*t + 52 = 2*j - t. What is the units digit of j?
8
Let z be -1*(6/3 - 22). Suppose 3*d + 5*i = 22, -d = 2*d + 4*i - z. What is the units digit of d?
4
Suppose 2*t - 144 = -3*k, 0 = -t + k + 81 - 19. Suppose 4*f = -6 + t. What is the tens digit of f?
1
What is the tens digit of (0/2)/1 - -25?
2
Let y(t) be the first derivative of t + 0*t**3 - 17/4*t**4 + 1 + t**2. What is the units digit of y(-1)?
6
Let n = 9 - 6. Suppose -2*j + 16 = 2*j. Suppose r - 21 = 3*c, j*r + r = -n*c + 69. What is the units digit of r?
5
Let h be (2/(-5))/((-3)/75). Let u = h - 8. What is the units digit of u?
2
Suppose -4*k = -3 - 5. Suppose 11 = 3*p - 4*f - 27, k*p + 3*f = 48. Suppose -5*r + p = -2. What is the units digit of r?
4
Suppose 3*f = -p + 179, 0 = -3*p - 2*p + 10. What is the units digit of f?
9
Suppose 5*o - o - 60 = 0. Suppose o + 55 = 5*x. What is the units digit of x?
4
Suppose v - 1 + 0 = -2*i, -4*i = 16. What is the units digit of v?
9
Suppose 0*t = t - 8. Let n = 18 - t. What is the tens digit of n?
1
Let o(a) = -a**3 - 3*a**2 + 2. Let d be o(-3). What is the units digit of 1 - (-2 + d)/(-2)?
1
Let f = 28 - -1. What is the tens digit of f?
2
Suppose 0 = -2*k - 0*k - 4. Let h = k + 2. Let a = h - -4. What is the units digit of a?
4
Suppose 0 = -4*x + 11 - 3, p + x = -4. Let y = 12 + p. What is the units digit of y?
6
Suppose -2*d = -3*d + 59. What is the units digit of d?
9
Let j(y) = -y**2 - 2*y + 5. Let u(h) = -h - 1. Let d(z) = j(z) + 4*u(z). What is the units digit of d(-5)?
6
Suppose v = -4*k, -5*k = v - 0*k. Let p be (1 + 0)/(v + 1). Suppose -2*w + 13 - p = 0. What is the units digit of w?
6
Let m = 9 + 13. What is the units digit of m?
2
Suppose -3*l + 3 + 5 = q, 4*q - 11 = -5*l. What is the units digit of (-23)/(q/1) + -3?
0
Suppose 4*a + 3*b + 3 = -1, -5*a = -5*b - 30. Let c be (-196)/(-20) + a/10. Let d = c + -5. What is the units digit of d?
5
Let k = 75 - 42. What is the units digit of k?
3
Suppose 2*f + 5*k = -21, -2*k - 3 - 9 = -f. Suppose 20 = 2*p + f*p. Suppose -4*d = 5*i - 40, 0*d + 5 = p*d - 5*i. What is the units digit of d?
5
Let g(u) = 6*u**3 + 5*u**2 - 4. Let z(i) = -12*i**3 - 11*i**2 + 9. Let b(o) = 9*g(o) + 4*z(o). Let d be (-1 - (-1 + 1))*-1. What is the units digit of b(d)?
7
What is the hundreds digit of (6 + -28)/((-3)/15)?
1
Let g(y) be the first derivative of -y**3/3 + y**2/2 + 42*y + 1. What is the tens digit of g(0)?
4
Let x(h) = -2*h**2 - 10*h - 6 + 3*h + h**2. Suppose -1 = -2*p - 9. What is the units digit of x(p)?
6
What is the units digit of 6 - (2 + 12/(-4))?
7
Let f be (-3)/15 + 372/(-15). Let b = -10 - f. What is the units digit of (10/b)/((-2)/(-21))?
7
What is the units digit of 3*(-1 + 2 + 2)?
9
Let u = -49 + 18. Let o(x) = -x**2 + 10*x - 16. Let s be o(10). Let r = s - u. What is the tens digit of r?
1
Let f = 295 + -127. What is the tens digit of f?
6
Suppose 4*i + 5*x + 0 = 25, 2*i - 4*x = 6. Let p = 153 - 98. Suppose -5*z = 4*g + g - 40, p = i*g + 2*z. What is the units digit of g?
3
Suppose -3*n + 19 = 7. Suppose -o = -n*o + 87. Suppose 0 = 3*w - 4*g - 41, -3*w - 3*g + o = -g. What is the tens digit of w?
1
Let l be (-100)/(-7) + (-4)/14. Let k(i) = -i**2 + 12*i - 4. Let f be k(9). Let q = f - l. What is the units digit of q?
9
Suppose -4*z - 8 = -5*k - 1, 0 = -k - 5*z + 13. Let n = 21 + k. What is the tens digit of n?
2
Suppose 3*f - 15 = -2*f. Suppose 2*i - 2*v = -f*v, 0 = -3*i + 4*v + 22. Suppose 0*t = -5*j - i*t + 53, -2*t - 46 = -4*j. What is the tens digit of j?
1
Let o(l) = l + 12. Suppose 4*y = 5*x + 23 + 22, 0 = 4*x - y + 36. Let n be o(x). Suppose -n*d + 20 = d. What is the units digit of d?
5
Let o = 1 + 2. Suppose o*p = 92 + 7. What is the units digit of p?
3
Suppose 5*i = 0, 0 = 2*c + 3*i - 7 - 5. What is the units digit of (-2)/(-3) + 8/c?
2
Let k = 190 + -81. What is the hundreds digit of k?
1
Let a = 35 - 17. What is the units digit of a?
8
Suppose -4*b = 20, -2*n + b = -n - 4. Let w be (-1 - (-3)/3)/n. Suppose w = 3*t - 6 - 39. What is the tens digit of t?
1
Let i = -34 - -83. What is the tens digit of i?
4
Suppose 0 = -5*t - 34 - 21. Let x = 22 - t. Suppose 0*v = 3*v - x. What is the units digit of v?
1
What is the tens digit of 2/(-3 + 1)*-83*3?
4
Suppose 2 + 7 = k. What is the units digit of k?
9
Let q be 0 - 1 - (-1 - 0). Suppose -5*o = -32 - 143. Suppose -3*y - 2*y + o = q. What is the units digit of y?
7
Suppose 54 = 2*x + 4*p, p + 92 = -5*x + 263. What is the tens digit of x?
3
Let j = 67 - 42. What is the tens digit of j?
2
Suppose 4*c - 1 = 4*k - 13, 0 = 5*k + c - 15. What is the units digit of (-6)/(-3) - (-39)/k?
5
Suppose -3 = -0*s - 3*s. Let w be -3*s*(-1)/(-1). What is the tens digit of (w - -1) + 1 - -11?
1
Let b(z) = z**3 + z**2 + 1. Let d(p) = 6*p**3 - 6*p**2 - 2*p + 21. Let q(n) = 5*b(n) - d(n). What is the units digit of q(11)?
6
Let f = 10 + -55. Let s = -30 - f. What is the units digit of s?
5
Let s(u) = u**3 - 3*u + 12*u + 11*u**2 + 8 + 0*u. What is the units digit of s(-10)?
8
Suppose -2*q + 31 = 3*l, -2*q = -q + 1. What is the tens digit of l?
1
Let j(n) = -4*n - 19. What is the tens digit of j(-8)?
1
Let m = -4 - -6. Let x be (-1)/2 + (-1